ed by 74?
5
Calculate the remainder when 369 is divided by 35.
19
Calculate the remainder when 1918 is divided by 128.
126
What is the remainder when 1008 is divided by 498?
12
What is the remainder when 536 is divided by 29?
14
Calculate the remainder when 381 is divided by 80.
61
Calculate the remainder when 1782 is divided by 94.
90
Calculate the remainder when 133 is divided by 68.
65
What is the remainder when 2751 is divided by 6?
3
What is the remainder when 122 is divided by 45?
32
Calculate the remainder when 17 is divided by 15.
2
What is the remainder when 1052 is divided by 8?
4
Calculate the remainder when 1409 is divided by 23.
6
Calculate the remainder when 82 is divided by 23.
13
Calculate the remainder when 5781 is divided by 1919.
24
Calculate the remainder when 126 is divided by 63.
0
Calculate the remainder when 1975 is divided by 52.
51
Calculate the remainder when 153 is divided by 12.
9
What is the remainder when 235 is divided by 80?
75
Calculate the remainder when 2534 is divided by 418.
26
Calculate the remainder when 2566 is divided by 34.
16
Calculate the remainder when 968 is divided by 244.
236
What is the remainder when 339 is divided by 86?
81
Calculate the remainder when 69 is divided by 44.
25
What is the remainder when 2389 is divided by 46?
43
Calculate the remainder when 90 is divided by 29.
3
Calculate the remainder when 1287 is divided by 142.
9
What is the remainder when 377 is divided by 84?
41
Calculate the remainder when 3096 is divided by 129.
0
Calculate the remainder when 395 is divided by 18.
17
What is the remainder when 8565 is divided by 36?
33
What is the remainder when 1120 is divided by 2?
0
What is the remainder when 6292 is divided by 2097?
1
Calculate the remainder when 2666 is divided by 145.
56
What is the remainder when 3256 is divided by 814?
0
What is the remainder when 631 is divided by 205?
16
What is the remainder when 213 is divided by 56?
45
What is the remainder when 456 is divided by 33?
27
What is the remainder when 316 is divided by 29?
26
Calculate the remainder when 1063 is divided by 26.
23
Calculate the remainder when 236 is divided by 115.
6
What is the remainder when 6843 is divided by 490?
473
Calculate the remainder when 82 is divided by 24.
10
Calculate the remainder when 143 is divided by 9.
8
What is the remainder when 20 is divided by 7?
6
What is the remainder when 50 is divided by 38?
12
What is the remainder when 1103 is divided by 92?
91
What is the remainder when 596 is divided by 159?
119
What is the remainder when 6578 is divided by 70?
68
Calculate the remainder when 206 is divided by 21.
17
What is the remainder when 307 is divided by 3?
1
Calculate the remainder when 36 is divided by 29.
7
Calculate the remainder when 1169 is divided by 117.
116
What is the remainder when 1270 is divided by 41?
40
Calculate the remainder when 455 is divided by 76.
75
Calculate the remainder when 22 is divided by 7.
1
Calculate the remainder when 128 is divided by 31.
4
Calculate the remainder when 2124 is divided by 142.
136
Calculate the remainder when 62 is divided by 18.
8
What is the remainder when 1718 is divided by 14?
10
Calculate the remainder when 1594 is divided by 14.
12
What is the remainder when 279 is divided by 5?
4
What is the remainder when 180 is divided by 172?
8
What is the remainder when 125 is divided by 10?
5
Calculate the remainder when 2936 is divided by 140.
136
Calculate the remainder when 94 is divided by 46.
2
What is the remainder when 352 is divided by 17?
12
What is the remainder when 4769 is divided by 26?
11
Calculate the remainder when 2879 is divided by 90.
89
Calculate the remainder when 183 is divided by 183.
0
What is the remainder when 3021 is divided by 8?
5
What is the remainder when 108 is divided by 72?
36
Calculate the remainder when 998 is divided by 248.
6
Calculate the remainder when 395 is divided by 346.
49
Calculate the remainder when 2637 is divided by 80.
77
Calculate the remainder when 3338 is divided by 21.
20
Calculate the remainder when 433 is divided by 394.
39
Calculate the remainder when 666 is divided by 174.
144
Calculate the remainder when 2653 is divided by 15.
13
Calculate the remainder when 270 is divided by 135.
0
Calculate the remainder when 45 is divided by 20.
5
What is the remainder when 105 is divided by 34?
3
Calculate the remainder when 1063 is divided by 40.
23
What is the remainder when 268 is divided by 40?
28
What is the remainder when 1566 is divided by 316?
302
Calculate the remainder when 829 is divided by 4.
1
What is the remainder when 1994 is divided by 349?
249
Calculate the remainder when 80 is divided by 15.
5
What is the remainder when 203 is divided by 78?
47
Calculate the remainder when 25 is divided by 10.
5
What is the remainder when 89 is divided by 13?
11
What is the remainder when 172 is divided by 27?
10
Calculate the remainder when 712 is divided by 712.
0
Calculate the remainder when 52 is divided by 5.
2
What is the remainder when 653 is divided by 15?
8
What is the remainder when 198 is divided by 53?
39
What is the remainder when 171 is divided by 27?
9
Calculate the remainder when 9 is divided by 1.
0
What is the remainder when 390 is divided by 98?
96
What is the remainder when 71 is divided by 9?
8
Calculate the remainder when 248 is divided by 224.
24
Calculate the remainder when 122 is divided by 25.
22
What is the remainder when 139 is divided by 54?
31
Calculate the remainder when 70 is divided by 19.
13
Calculate the remainder when 745 is divided by 192.
169
What is the remainder when 8396 is divided by 15?
11
Calculate the remainder when 230 is divided by 39.
35
Calculate the remainder when 106 is divided by 27.
25
Calculate the remainder when 1745 is divided by 46.
43
What is the remainder when 2302 is divided by 22?
14
Calculate the remainder when 1996 is divided by 499.
0
Calculate the remainder when 516 is divided by 47.
46
What is the remainder when 472 is divided by 159?
154
Calculate the remainder when 1075 is divided by 16.
3
Calculate the remainder when 1261 is divided by 79.
76
What is the remainder when 361 is divided by 13?
10
What is the remainder when 237 is divided by 16?
13
Calculate the remainder when 131 is divided by 66.
65
Calculate the remainder when 1720 is divided by 860.
0
Calculate the remainder when 1717 is divided by 213.
13
Calculate the remainder when 47 is divided by 47.
0
What is the remainder when 251 is divided by 214?
37
Calculate the remainder when 110 is divided by 47.
16
What is the remainder when 249 is divided by 51?
45
Calculate the remainder when 137 is divided by 7.
4
What is the remainder when 383 is divided by 107?
62
What is the remainder when 60 is divided by 24?
12
What is the remainder when 1156 is divided by 8?
4
What is the remainder when 246 is divided by 88?
70
Calculate the remainder when 14 is divided by 12.
2
What is the remainder when 218 is divided by 40?
18
What is the remainder when 205 is divided by 71?
63
What is the remainder when 6236 is divided by 99?
98
Calculate the remainder when 133 is divided by 113.
20
What is the remainder when 2897 is divided by 25?
22
Calculate the remainder when 421 is divided by 68.
13
Calculate the remainder when 399 is divided by 161.
77
Calculate the remainder when 4376 is divided by 23.
6
What is the remainder when 579 is divided by 21?
12
What is the remainder when 7173 is divided by 2391?
0
Calculate the remainder when 6254 is divided by 38.
22
What is the remainder when 146 is divided by 24?
2
What is the remainder when 370 is divided by 128?
114
Calculate the remainder when 917 is divided by 40.
37
Calculate the remainder when 208 is divided by 67.
7
Calculate the remainder when 2943 is divided by 32.
31
Calculate the remainder when 854 is divided by 127.
92
What is the remainder when 1105 is divided by 73?
10
What is the remainder when 98 is divided by 97?
1
Calculate the remainder when 99 is divided by 27.
18
Calculate the remainder when 1511 is divided by 17.
15
Calculate the remainder when 1162 is divided by 97.
95
What is the remainder when 574 is divided by 32?
30
What is the remainder when 85 is divided by 33?
19
What is the remainder when 17979 is div